omposite?
True
Is 310679 composite?
True
Is 4238935 a prime number?
False
Is 329 a composite number?
True
Is 3359 composite?
False
Is 2417 a composite number?
False
Is 170341 a composite number?
False
Is 417839 a composite number?
False
Is 827935 a prime number?
False
Is 2616533 composite?
False
Is 157223 a composite number?
True
Is 288191 composite?
False
Is 103289 a prime number?
True
Is 2341697 a composite number?
False
Is 3698311 composite?
False
Is 2161 prime?
True
Is 376841 prime?
True
Is 521509 composite?
True
Is 190001 composite?
True
Is 187213 composite?
True
Is 8803 a composite number?
False
Is 121381 composite?
True
Is 12223 prime?
False
Is 24601 a prime number?
False
Is 223627 a prime number?
False
Is 616483 composite?
True
Is 3273769 a composite number?
True
Is 24137 prime?
True
Is 217349 a composite number?
True
Is 68359 composite?
True
Is 62081 composite?
False
Is 17567 prime?
False
Is 11182 composite?
True
Is 26591 prime?
True
Is 10133 composite?
False
Is 20921 prime?
True
Is 9863 composite?
True
Is 95117 a composite number?
True
Is 51215 prime?
False
Is 8402 a prime number?
False
Is 1808117 composite?
False
Is 719 a prime number?
True
Is 602543 a prime number?
True
Is 122429 a prime number?
False
Is 5528117 a prime number?
False
Is 104827 composite?
False
Is 7151 prime?
True
Is 3631 a prime number?
True
Is 126739 prime?
True
Is 307391 prime?
False
Is 3847 prime?
True
Is 2479 a prime number?
False
Is 216943 a prime number?
False
Is 463303 prime?
True
Is 92263 a composite number?
True
Is 337 prime?
True
Is 145697 prime?
False
Is 50647 prime?
True
Is 3163 prime?
True
Is 9587 prime?
True
Is 171007 prime?
True
Is 72682 a composite number?
True
Is 196111 composite?
False
Is 100371 composite?
True
Is 280063 composite?
True
Is 4569 prime?
False
Is 164155 a composite number?
True
Is 18337 composite?
True
Is 1367 composite?
False
Is 1236383 composite?
False
Is 29195 a prime number?
False
Is 18374 prime?
False
Is 535 a prime number?
False
Is 7787 a prime number?
False
Is 94477 a composite number?
False
Is 203531 prime?
True
Is 459209 a prime number?
True
Is 1679 composite?
True
Is 813677 composite?
False
Is 756091 composite?
True
Is 1006711 a prime number?
True
Is 207227 a composite number?
False
Is 30679 a prime number?
False
Is 46301 prime?
True
Is 957529 a prime number?
True
Is 12793 a composite number?
True
Is 1909707 a composite number?
True
Is 57503 prime?
True
Is 8621 a composite number?
True
Is 187955 composite?
True
Is 251673 prime?
False
Is 8637 a prime number?
False
Is 12055 a prime number?
False
Is 17647 a prime number?
False
Is 12049 a prime number?
True
Is 67741 composite?
False
Is 8285 a composite number?
True
Is 253193 a prime number?
False
Is 899009 composite?
False
Is 67003 a prime number?
True
Is 188087 a composite number?
True
Is 36401 prime?
False
Is 65161 a composite number?
True
Is 1760483 composite?
True
Is 20143 a composite number?
False
Is 100766 a composite number?
True
Is 14662 a composite number?
True
Is 65451 a prime number?
False
Is 214691 a composite number?
False
Is 59191 a prime number?
False
Is 75745 prime?
False
Is 1937 composite?
True
Is 744911 prime?
True
Is 9527 prime?
False
Is 16769 a composite number?
True
Is 1921 composite?
True
Is 15307 composite?
False
Is 621487 a prime number?
False
Is 50119 prime?
True
Is 1797 a composite number?
True
Is 14185 a prime number?
False
Is 6449 a composite number?
False
Is 32347 a composite number?
True
Is 56401 prime?
True
Is 7483 composite?
True
Is 578819 a prime number?
True
Is 133381 prime?
False
Is 1523 a prime number?
True
Is 3237313 prime?
False
Is 13229 prime?
True
Is 5857 composite?
False
Is 1990441 a composite number?
False
Is 72533 a prime number?
True
Is 755063 a composite number?
True
Is 8513 composite?
False
Is 48479 composite?
False
Is 150701 a composite number?
True
Is 21059 a composite number?
False
Is 159257 a prime number?
False
Is 55801 composite?
True
Is 4506109 prime?
True
Is 15479 a composite number?
True
Is 277813 a composite number?
False
Is 38821 prime?
True
Is 67839 composite?
True
Is 239741 a prime number?
False
Is 44995 prime?
False
Is 1282 prime?
False
Is 123169 a prime number?
True
Is 12863 prime?
False
Is 6401 a prime number?
False
Is 623209 prime?
True
Is 3817 composite?
True
Is 131 prime?
True
Is 989309 a composite number?
False
Is 2931 a prime number?
False
Is 3155 a composite number?
True
Is 17783 composite?
False
Is 293 prime?
True
Is 34066 a prime number?
False
Is 65287 composite?
False
Is 51929 composite?
False
Is 2143423 composite?
True
Is 705301 a composite number?
True
Is 5952041 composite?
False
Is 343991 composite?
True
Is 136379 prime?
True
Is 366787 a composite number?
False
Is 6249 a prime number?
False
Is 501 a composite number?
True
Is 3571 a composite number?
False
Is 136339 a composite number?
True
Is 88211 prime?
True
Is 901 composite?
True
Is 161149 composite?
False
Is 6385 prime?
False
Is 345013 prime?
False
Is 1405673 composite?
True
Is 1908785 a composite number?
True
Is 101081 prime?
True
Is 10007 prime?
True
Is 15109 composite?
True
Is 298673 composite?
True
Is 460049 a prime number?
False
Is 10289 composite?
False
Is 167801 a prime number?
True
Is 14479 composite?
False
Is 172373 a prime number?
True
Is 794337 composite?
True
Is 773207 composite?
False
Is 69089 composite?
True
Is 80429 a composite number?
False
Is 12941 prime?
True
Is 7031 prime?
False
Is 6893 prime?
False
Is 366469 composite?
True
Is 740849 prime?
True
Is 361279 a composite number?
False
Is 516931 a composite number?
False
Is 11923 a composite number?
False
Is 179311 prime?
False
Is 24659 a prime number?
True
Is 4117 composite?
True
Is 7661 composite?
True
Is 128014 prime?
False
Is 334579 prime?
False
Is 156917 a composite number?
True
Is 86083 a prime number?
True
Is 236338 a prime number?
False
Is 26759 a prime number?
True
Is 6737 a composite number?
False
Is 14429 prime?
False
Is 139453 a composite number?
True
Is 2174 a composite number?
True
Is 238501 composite?
True
Is 10099 prime?
True
Is 63737 a composite number?
False
Is 206513 a prime number?
False
Is 4853 composite?
True
Is 41579 a prime number?
True
Is 353711 composite?
False
Is 863867 prime?
True
Is 5581 a composite number?
False
Is 124143 a composite number?
True
Is 10453 a composite number?
False
Is 259379 prime?
True
Is 8021 prime?
False
Is 25523 composite?
False
Is 635081 a composite number?
True
Is 89783 a prime number?
True
Is 132071 prime?
True
Is 12563 composite?
True
Is 202313 a prime number?
False
Is 2189 composite?
True
Is 3223 prime?
False
Is 57394 composite?
True
Is 66911 composite?
True
Is 12057 composite?
True
Is 12953 a composite number?
False
Is 13745 prime?
False
Is 1233563 a prime number?
True
Is 4289 composite?
False
Is 52453 a prime number?
True
Is 567367 a prime number?
True
Is 48979 composite?
True
Is 5498 a prime number?
False
Is 26669 a prime number?
True
Is 106133 a composite number?
True
Is 43451 prime?
True
Is 2901 composite?
True
Is 6817 prime?
False
Is 1357487 a prime number?
False
Is 94811 prime?
True
Is 434957 prime?
True
Is 149 a prime number?
True
Is 865 composite?
True
Is 920107 a composite number?
False
Is 9934 a composite number?
True
Is 4721 a composite number?
False
Is 2503 a prime number?
True
Is 73417 composite?
False
Is 47267 prime?
False
Is 19441 composite?
False
Is 3943 prime?
True
Is 1111561 a prime number?
False
Is 296762 a prime number?
False
Is 217981 prime?
True
Is 3433 a composite number?
False
Is 585131 a composite number?
False
Is 9047 a composite number?
True
Is 303749 a composite number?
False
Is 281311 a composite number?
True
Is 637341 composite?
True
Is 158419 composite?
False
Is 274 prime?
False
Is 1326197 composite?
False
Is 1862174 composite?
True
Is 83761 prime?
True
Is 1096777 a prime number?
False
Is 14727 prime?
False
Is 254369 prime?
True
Is 416303 a composite number?
True
Is 2669441 a prime number?
False
Is 1164367 a prime number?
True
Is 14765 composite?
True
Is 742409 a prime number?
True
Is 15501 prime?
False
Is 1536343 prime?
True
Is 48073 prime?
True
Is 19739 composite?
False
Is 26759 a prime number?
True
Is 9527 a prime number?
False
Is 26293 composite?
False
Is 3203 prime?
True
Is 2619389 a composi